t + 13. Let k(v) = 22*v**3 - 14*v**2 - 4*v + 6. Let z be k(1). Determine d(z).
-7
Let x(w) = -w**3 + 7*w**2 + 3*w + 7. Suppose 25*m + 3*m - 84 = 0. Suppose 0 = m*i + 3 - 24. Calculate x(i).
28
Let a(m) = -m - 2. Let v be a(-5). Suppose -v*l - 2*l = 0. Let i(j) = 199*j + 3. Let y(g) = 249*g + 4. Let c(z) = 5*i(z) - 4*y(z). Determine c(l).
-1
Let m(k) be the first derivative of -k**3/3 + 13*k**2/2 - 13*k - 917. Determine m(12).
-1
Suppose -m = -n - 1, 4*n - m = -0*m + 11. Suppose 0 = -s - n, -i + 3*s + 7 + 6 = 0. Let a(u) = -6*u**2 + 5*u**2 - 1 - i. What is a(-3)?
-11
Let r(z) = 7*z - 7. Suppose 24*m = -0*m - 144. Let p(i) = -8*i + 6. Let n(s) = m*p(s) - 7*r(s). Let k be -1 + 11 + -2 - 1. Determine n(k).
6
Suppose -102*x - 2*u + 10 = -105*x, -2*x - 4*u - 12 = 0. Let s(k) = -2*k**3 - 2*k - 2. Calculate s(x).
134
Let w(b) = -b + 2. Suppose 4*k + 5*q = 35, 5*q + 55 = -3*k + 5*k. Suppose k*s - 262 = 13*s. Let v = s - 126. Give w(v).
-3
Let c(r) = -3*r - 3. Let b be (3/1)/(-9 + 5 + 3). Let s be -3*7/b*-3. Let q be (-4)/(-6) + 98/s. Calculate c(q).
9
Let m = 0 + 0. Let q(y) = -y**3 - y**2 - 2*y + 2. Let f(t) = t**3 + t**2 + t - 3. Let r be 252/(-54) - 10/(-6). Let s(i) = r*f(i) - 2*q(i). Calculate s(m).
5
Let b(o) = o + 6. Let h = 79 + -103. Let c be (2/(-4))/((-2)/h). Determine b(c).
0
Let u(z) = -23*z - 146. Let a = 10845 - 10851. Give u(a).
-8
Let y(q) be the second derivative of q**6/180 + q**5/120 - 85*q**4/12 - q**3/6 + 3*q + 1. Let b(g) be the third derivative of y(g). What is b(4)?
17
Let b = 4 - 3. Let r(s) = s - 1147 + 1146 + 6*s**3 + 0*s**3. Give r(b).
6
Let q(p) = 16*p - 24. Let i be q(2). Let s(u) = -2 - 3*u**2 + 3*u + i*u**3 - 3*u**3 - 4*u**3. What is s(3)?
7
Let d(p) be the first derivative of p**4/12 - 5*p**3/3 + 8*p**2 - 212*p + 303. Let g(i) be the first derivative of d(i). What is g(8)?
0
Suppose -27 = 3*h - 27. Let l be h + 8 + -3 - 2. Let b(v) = 5*v - 1 + l - v. Calculate b(-2).
-6
Let z(n) = 7*n**3 - 17*n**2 - 258*n + 49. Let b(g) = 3*g**3 - 8*g**2 - 105*g + 25. Let r(y) = 5*b(y) - 2*z(y). Calculate r(7).
13
Let j(g) = -g**2 - 4*g - 1. Let t = -35 - -37. Suppose 2*q - 4 = 2*l - t, 0 = -2*q + 5*l + 11. Let n be (2 + 4)*1/q. Calculate j(n).
2
Let w(j) = -j**3 + 19*j**2 - 22*j - 22. Let c(l) = -2*l**3 + 39*l**2 - 43*l - 46. Let u(k) = 4*c(k) - 9*w(k). What is u(13)?
14
Let z(t) = t - 4. Suppose -42*r = 4*r - 15*r. Give z(r).
-4
Let a(x) be the first derivative of 2*x**3/3 + 5*x**2 + 7*x - 232. Give a(-7).
35
Suppose 4*l - 242 = -2*j, -37 = j - 34. Let s(t) = 1 + 61*t**3 - l*t**3 + 15*t**2 - 11*t**2. Give s(4).
1
Let j(z) = -70*z**2 + 4*z + 2. Let n(i) = -34*i - 2585. Let d be n(-76). Calculate j(d).
-72
Let v(b) be the third derivative of 1/15*b**5 - 1/120*b**6 + 1/2*b**3 - 18*b**2 + 0 - 1/6*b**4 + 0*b. Calculate v(3).
0
Let x(c) = -8*c**2 + 11*c + 29. Let j(u) = -12*u**2 + 16*u + 44. Let n(r) = 5*j(r) - 7*x(r). Calculate n(-5).
-98
Let u(v) = -1. Let z(a) be the second derivative of a**5/20 + 5*a**4/12 - a**3 + 5*a**2/2 - 79*a. Let m(h) = 5*u(h) + z(h). Let n = -9 + 3. Give m(n).
0
Let i(x) be the third derivative of -5*x**4/12 - 33*x**3/2 + 2*x**2 + 594*x. Give i(-10).
1
Let a(f) be the first derivative of -3/2*f**2 - 8 + 0*f. Suppose 3*l = 11*l + 16. Calculate a(l).
6
Let s be (-378)/54 + (-4)/(-2)*1. Let c(p) = -5*p - 27. Determine c(s).
-2
Let a be ((-9)/27*0)/(-1). Let u(h) be the second derivative of -1/3*h**4 - 1/10*h**5 - 1/3*h**3 + a + 1/2*h**2 - 18*h. Give u(-2).
5
Let c = 25444 - 25444. Let s(m) = m**3 + 2*m**2 - 2*m - 17. Determine s(c).
-17
Suppose -2*j - 7*j + 54 = 0. Let u(m) = m**2 - 7*m + 8. Let g be u(j). Let x(y) = 7*y - 2 + g + y**2 + 3 - 1. Determine x(-6).
-4
Let l(n) be the first derivative of -n**2 + 6*n - 5031. Suppose 19 = 4*o - 1. Suppose o*c + 3 - 33 = 0. Calculate l(c).
-6
Let g(m) = 2*m**2 + 9*m - 12. Suppose -199 = 50*c - 449. What is g(c)?
83
Let z(w) be the second derivative of w**3/2 - 3*w**2/2 + 7876*w. Let b = 4 - 7. Determine z(b).
-12
Suppose -3*q + 3*d = 0, -2*q + 77*d = 72*d. Let l(n) be the second derivative of q*n**2 - 1/12*n**4 + 0 + 0*n**3 - 6*n - 11/20*n**5. Give l(-1).
10
Let y be (4/(-6) - 0) + 136/24. Suppose -2*g - 3*z - 3 = 0, -6*z + 35 = y*g - 7*z. Let d(r) = -3*r + 13. Determine d(g).
-5
Let n(b) = -b**3 - 6*b**2 - b + 4. Let g(u) = 10*u**2 + 99*u - 10. Let f be g(-10). Suppose -3*d + 2*z - 13 = 0, 2*d + f*z = -3*z - 13. What is n(d)?
-16
Let s(m) = m**3 + 17*m**2 + 31*m + 14. Let h be s(-15). Let j(u) = -u**3 + 2*u**2 - 1. Let f(v) = v**2. Let c(b) = h*j(b) - 3*f(b). Give c(4).
-15
Let q = -180 + 176. Let x(i) = -i**2 - 3*i + 9. Let z be x(q). Let v(p) = p**2 - 5*p. Calculate v(z).
0
Let o(w) = 3 + 24*w**2 + 33569*w**3 - 28*w**2 + 3*w - 33564*w**3. Calculate o(2).
33
Let q(a) be the second derivative of -2*a**3/3 - 5*a**2 - 2*a - 796. Let m be 2 - -3*(-14)/6. Determine q(m).
10
Let x(b) = -b**3 + 13*b**2 + 2*b + 1. Let g(w) = 3*w**3 - 28*w**2 - 12*w - 2. Let f(n) = g(n) + 2*x(n). Give f(-2).
0
Let u(l) = -5*l - 30. Let x(r) = -2*r - 10. Let g(j) = 3*u(j) - 8*x(j). Let c(a) = -a**2 - 8*a + 2. Let q be c(-8). Let n be -2*(1 - q) - -4. What is g(n)?
-4
Let a(n) = 39*n + 88. Let o(x) = -58*x - 89. Let p(f) = 4*a(f) + 3*o(f). Give p(5).
-5
Suppose -4*y = -5*v - 0*v + 1, -y - 7 = v. Suppose 3*i - 3*w = 12, 11*i + 4*w = 10*i - 6. Let m(t) = i*t - 3*t - 5*t - 3*t + 11*t + 4. Determine m(v).
-2
Let g(j) = j**2 + 26*j + 75. Let f be ((-23)/(-4))/((-38)/(-8) + -5). Let i be g(f). Let t(q) = -q**3 + 7*q**2 - 7*q + 4. What is t(i)?
-2
Let h(i) be the second derivative of i**5/10 - i**4/4 - 7*i**3/6 + 7*i**2 + 3223*i. Determine h(2).
4
Let k(c) = -20*c**2 + 19*c + 13. Let d(i) = -7*i**2 + 6*i + 4. Let h(a) = 17*d(a) - 6*k(a). Let w = 2473 + -2463. Give h(w).
-30
Let d(v) = -20*v**2 + v + 16. Let f(j) = -7*j**2 + 5. Let p(z) = -2*d(z) + 7*f(z). Let s(l) = -19*l**2 - 4*l + 7. Let q(t) = -9*p(t) + 4*s(t). Calculate q(-1).
4
Let t(n) = -3*n + 4. Let x be t(-5). Suppose 4*k + 2*c = 20, c = 5*k - x + 1. Let h(v) = 0*v + k + 4*v - 3*v + 0. Determine h(5).
9
Suppose -38 + 55 = -2*u - 55. Let g(o) = -2*o - 79. What is g(u)?
-7
Let w(h) = -h**2 - 11*h + 61. Let v be w(-14). Suppose 13*l - v*l - 18 = 0. Let a(o) = 4*o + 4. Calculate a(l).
-8
Let r(h) = h**3 - 7*h**2 - h - 7. Let y = 243 + -198. Let u be (110/(-25) - -4)/((-3)/y). What is r(u)?
-49
Let u(v) = 8*v - 5. Let k(y) = 5*y + 68. Let g be k(20). Let a = -163 + g. Calculate u(a).
35
Let p(d) = -52*d**2 + 204*d + 39. Let x(v) = 16*v**2 - 66*v - 13. Let r(k) = 5*p(k) + 16*x(k). What is r(-9)?
-13
Let m(b) = 6*b - 85. Let n = -31592 - -31616. Give m(n).
59
Let i(u) be the third derivative of u**4/24 - 2*u**3/3 - 2*u**2. Let l = 7915 - 7907. Calculate i(l).
4
Let o(m) = 2754 + 9*m**3 + 14*m - 5509 - 8*m**3 + 2731 - 13*m**2. Determine o(12).
0
Suppose -285*z = -276*z - 441. Suppose -44*a - z = -357. Let p(q) = -q**3 + 9*q**2 - 14*q + 2. Give p(a).
2
Let q = 384 + -380. Let g(t) = -112 + q*t - 114 - 122 + 349. Suppose -s + 5*p = 2, -5*s = -2*s + 2*p - 11. Give g(s).
13
Let i = 83 + -189. Let g = i - -110. Let o(h) = -10 + 6 - h**2 + g*h + 7. What is o(3)?
6
Let o(h) be the first derivative of -h**2 - 6*h + 2. Suppose y + k + 2 = 0, 3*y - 264 = -5*k - 282. What is o(y)?
-14
Suppose -144 = 38*i - 29*i - 33*i. Let j(k) = -2*k**3 + 18*k**2 - 35*k - 4. What is j(i)?
2
Suppose 0 = l - 2*l - 1. Let s(f) = -29*f + 63. Let n(r) = 14*r - 29. Let b(g) = 13*n(g) + 6*s(g). Give b(l).
-7
Let q(f) = f**3 - 5*f**2 - 7*f + 5. Let s = 24 - 44. Let d be 6/10*2*s/8. Let a be -1 + (5/10)/(d/(-42)). Give q(a).
-1
Let z(x) = -32*x + 38. Let h = -4795 - -4796. What is z(h)?
6
Let s(l) = l + 2 - 9*l + 0*l - l. Let v = -394 + 395. What is s(v)?
-7
Let j(v) = -56263*v + 28130*v + 28136*v + 94. What is j(-17)?
43
Let v be (-20)/30 - 58/(-6). Let r(s) = -s - 5. Let w(l) = 2*l - 6. Let c(t) = r(t) + w(t). Calculate c(v).
-2
Let q(k) = 29*k + 526. Let u be q(-18). Let p(w) be the third derivative of -17*w**2 + 7/60*w**5 + 0 - 5/3*w**3 + 1/3*w**u - 1/120*w**6 + 0*w. Determine p(8).
-10
Let y(p) = p**3 + 3*p**2 - 2*p. Let a be (-1)/((16/12)/(-4)). Suppose -a*v - 78 = -69. Let m be 2 + v/3 + (3 - 8). Calculate y(m).
-8
Let y(g) = -g**2 + g - 1. Suppose -5*s = -3*f - 133, -4*f + 6*f